{"id":95,"date":"2022-09-03T18:49:54","date_gmt":"2022-09-03T21:49:54","guid":{"rendered":"http:\/\/cedaf.fca.unju.edu.ar\/?page_id=95"},"modified":"2022-09-03T23:43:35","modified_gmt":"2022-09-04T02:43:35","slug":"l-i-v-t-a","status":"publish","type":"page","link":"http:\/\/cedaf.fca.unju.edu.ar\/?page_id=95","title":{"rendered":"L.I.V.T.A."},"content":{"rendered":"\n<figure class=\"wp-block-pullquote\"><blockquote><p>Laboratorio de Innovaci\u00f3n y Validaci\u00f3n de Tecnolog\u00edas Agroecol\u00f3gicas<\/p><cite>FCA-UNJu<\/cite><\/blockquote><\/figure>\n\n\n\n<h2 class=\"has-text-align-center wp-block-heading\">Innaguraci\u00f3n Banco de Germoplasma &#8211; L.I.V.T.A.<\/h2>\n\n\n\n<p class=\"has-text-align-center\">Facultad de Ciencias Agrarias &#8211; UNJu<\/p>\n\n\n\n<figure class=\"wp-block-embed is-type-video is-provider-youtube wp-block-embed-youtube wp-embed-aspect-16-9 wp-has-aspect-ratio\"><div class=\"wp-block-embed__wrapper\">\n<iframe loading=\"lazy\" title=\"Banco Germoplasma - L.I.V.T.A Inauguraci\u00f3n Facultad de Ciencias Agrarias UNJu\" width=\"640\" height=\"360\" src=\"https:\/\/www.youtube.com\/embed\/UP8pHo3zIBw?feature=oembed\" frameborder=\"0\" allow=\"accelerometer; autoplay; clipboard-write; encrypted-media; gyroscope; picture-in-picture; web-share\" referrerpolicy=\"strict-origin-when-cross-origin\" allowfullscreen><\/iframe>\n<\/div><figcaption>edicion: Oscar Pereira<\/figcaption><\/figure>\n\n\n\n<figure class=\"wp-block-gallery has-nested-images columns-default is-cropped wp-block-gallery-1 is-layout-flex wp-block-gallery-is-layout-flex\">\n<figure class=\"wp-block-image size-large is-style-default\"><img loading=\"lazy\" decoding=\"async\" width=\"647\" height=\"364\" data-id=\"188\" src=\"http:\/\/cedaf.fca.unju.edu.ar\/wp-content\/uploads\/2022\/09\/palabras-del-rector-unju.jpg\" alt=\"\" class=\"wp-image-188\" srcset=\"http:\/\/cedaf.fca.unju.edu.ar\/wp-content\/uploads\/2022\/09\/palabras-del-rector-unju.jpg 647w, http:\/\/cedaf.fca.unju.edu.ar\/wp-content\/uploads\/2022\/09\/palabras-del-rector-unju-300x169.jpg 300w\" sizes=\"auto, (max-width: 647px) 100vw, 647px\" \/><\/figure>\n\n\n\n<figure class=\"wp-block-image size-large\"><img loading=\"lazy\" decoding=\"async\" width=\"604\" height=\"402\" data-id=\"191\" src=\"http:\/\/cedaf.fca.unju.edu.ar\/wp-content\/uploads\/2022\/09\/corte-de-cinta-del-livta.jpg\" alt=\"\" class=\"wp-image-191\" srcset=\"http:\/\/cedaf.fca.unju.edu.ar\/wp-content\/uploads\/2022\/09\/corte-de-cinta-del-livta.jpg 604w, http:\/\/cedaf.fca.unju.edu.ar\/wp-content\/uploads\/2022\/09\/corte-de-cinta-del-livta-300x200.jpg 300w\" sizes=\"auto, (max-width: 604px) 100vw, 604px\" \/><\/figure>\n\n\n\n<figure class=\"wp-block-image size-large\"><img loading=\"lazy\" decoding=\"async\" width=\"604\" height=\"402\" data-id=\"189\" src=\"http:\/\/cedaf.fca.unju.edu.ar\/wp-content\/uploads\/2022\/09\/grupo-de-participante-2.jpg\" alt=\"\" class=\"wp-image-189\" srcset=\"http:\/\/cedaf.fca.unju.edu.ar\/wp-content\/uploads\/2022\/09\/grupo-de-participante-2.jpg 604w, http:\/\/cedaf.fca.unju.edu.ar\/wp-content\/uploads\/2022\/09\/grupo-de-participante-2-300x200.jpg 300w\" sizes=\"auto, (max-width: 604px) 100vw, 604px\" \/><\/figure>\n\n\n\n<figure class=\"wp-block-image size-large\"><img loading=\"lazy\" decoding=\"async\" width=\"604\" height=\"402\" data-id=\"190\" src=\"http:\/\/cedaf.fca.unju.edu.ar\/wp-content\/uploads\/2022\/09\/livta-1.jpg\" alt=\"\" class=\"wp-image-190\" srcset=\"http:\/\/cedaf.fca.unju.edu.ar\/wp-content\/uploads\/2022\/09\/livta-1.jpg 604w, http:\/\/cedaf.fca.unju.edu.ar\/wp-content\/uploads\/2022\/09\/livta-1-300x200.jpg 300w\" sizes=\"auto, (max-width: 604px) 100vw, 604px\" \/><\/figure>\n<\/figure>\n","protected":false},"excerpt":{"rendered":"<p>Laboratorio de Innovaci\u00f3n y Validaci\u00f3n de Tecnolog\u00edas Agroecol\u00f3gicas FCA-UNJu Innaguraci\u00f3n Banco de Germoplasma &#8211; L.I.V.T.A. Facultad de Ciencias Agrarias &#8211; UNJu<\/p>\n","protected":false},"author":1,"featured_media":0,"parent":0,"menu_order":0,"comment_status":"closed","ping_status":"closed","template":"","meta":{"footnotes":""},"class_list":["post-95","page","type-page","status-publish","hentry"],"_links":{"self":[{"href":"http:\/\/cedaf.fca.unju.edu.ar\/index.php?rest_route=\/wp\/v2\/pages\/95","targetHints":{"allow":["GET"]}}],"collection":[{"href":"http:\/\/cedaf.fca.unju.edu.ar\/index.php?rest_route=\/wp\/v2\/pages"}],"about":[{"href":"http:\/\/cedaf.fca.unju.edu.ar\/index.php?rest_route=\/wp\/v2\/types\/page"}],"author":[{"embeddable":true,"href":"http:\/\/cedaf.fca.unju.edu.ar\/index.php?rest_route=\/wp\/v2\/users\/1"}],"replies":[{"embeddable":true,"href":"http:\/\/cedaf.fca.unju.edu.ar\/index.php?rest_route=%2Fwp%2Fv2%2Fcomments&post=95"}],"version-history":[{"count":6,"href":"http:\/\/cedaf.fca.unju.edu.ar\/index.php?rest_route=\/wp\/v2\/pages\/95\/revisions"}],"predecessor-version":[{"id":202,"href":"http:\/\/cedaf.fca.unju.edu.ar\/index.php?rest_route=\/wp\/v2\/pages\/95\/revisions\/202"}],"wp:attachment":[{"href":"http:\/\/cedaf.fca.unju.edu.ar\/index.php?rest_route=%2Fwp%2Fv2%2Fmedia&parent=95"}],"curies":[{"name":"wp","href":"https:\/\/api.w.org\/{rel}","templated":true}]}}